vide 200?
True
Does 5 divide 8600?
True
Is 53 a factor of 116067?
False
Is 4437 a multiple of 22?
False
Is 17 a factor of 9214?
True
Does 55 divide 1485?
True
Is 576 a multiple of 8?
True
Is 18 a factor of 1461?
False
Does 13 divide 382?
False
Does 9 divide 6309?
True
Does 142 divide 3266?
True
Is 26 a factor of 4758?
True
Does 25 divide 2715?
False
Is 106954 a multiple of 53?
True
Does 51 divide 1716?
False
Does 46 divide 2116?
True
Is 1824 a multiple of 24?
True
Does 9 divide 83?
False
Is 20963 a multiple of 244?
False
Is 17 a factor of 1345?
False
Is 55 a factor of 666?
False
Is 56 a factor of 17976?
True
Is 19746 a multiple of 18?
True
Does 11 divide 2431?
True
Does 13 divide 2148?
False
Does 11 divide 43384?
True
Is 14 a factor of 2730?
True
Does 17 divide 1186?
False
Is 5859 a multiple of 42?
False
Is 104 a factor of 624?
True
Is 90 a factor of 4050?
True
Is 70 even?
True
Does 9 divide 378?
True
Is 5639 a multiple of 19?
False
Is 12404 a multiple of 28?
True
Is 42894 a multiple of 18?
True
Is 2016 a multiple of 12?
True
Is 23700 a multiple of 20?
True
Is 19572 a multiple of 35?
False
Is 3270 a multiple of 140?
False
Is 18135 a multiple of 39?
True
Is 6 a factor of 3198?
True
Is 19 a factor of 15232?
False
Is 3 a factor of 47?
False
Is 8 a factor of 5793?
False
Is 4 a factor of 11065?
False
Is 13 a factor of 377?
True
Does 66 divide 68376?
True
Is 14 a factor of 12796?
True
Is 4 a factor of 620?
True
Is 71 a factor of 4047?
True
Is 10 a factor of 17660?
True
Is 10 a factor of 1260?
True
Does 106 divide 7522?
False
Is 31 a factor of 651?
True
Is 71 a factor of 3408?
True
Does 18 divide 1242?
True
Is 4 a factor of 2380?
True
Does 25 divide 2264?
False
Is 40 a factor of 22665?
False
Does 11 divide 2717?
True
Is 14 a factor of 182?
True
Does 14 divide 1562?
False
Does 9 divide 3177?
True
Is 2 a factor of 129?
False
Does 47 divide 238?
False
Does 58 divide 2146?
True
Is 11 a factor of 176?
True
Does 171 divide 1197?
True
Is 8 a factor of 1952?
True
Does 7 divide 2072?
True
Is 115939 a multiple of 13?
False
Does 16 divide 2273?
False
Is 19 a factor of 133?
True
Is 52 a factor of 526?
False
Is 637 a multiple of 58?
False
Does 10 divide 300?
True
Is 3 a factor of 447?
True
Is 185 a multiple of 3?
False
Is 17892 a multiple of 36?
True
Is 29 a factor of 38467?
False
Is 19788 a multiple of 51?
True
Is 42 a factor of 4284?
True
Does 16 divide 2688?
True
Is 46 a factor of 1150?
True
Is 1182 a multiple of 22?
False
Does 14 divide 8484?
True
Does 129 divide 11352?
True
Does 19 divide 456?
True
Is 31 a factor of 4976?
False
Is 1119 a multiple of 8?
False
Is 21070 a multiple of 3?
False
Is 342 a multiple of 114?
True
Does 26 divide 26?
True
Is 10 a factor of 24610?
True
Does 18 divide 45738?
True
Is 7174 a multiple of 34?
True
Is 17 a factor of 1802?
True
Is 63500 a multiple of 12?
False
Does 79 divide 10744?
True
Is 68 a factor of 1521?
False
Is 91 a factor of 12746?
False
Is 39 a factor of 390?
True
Does 48 divide 21888?
True
Is 8673 a multiple of 23?
False
Is 53 a factor of 13197?
True
Does 16 divide 33760?
True
Is 4 a factor of 121?
False
Does 13 divide 4251?
True
Is 35 a factor of 35?
True
Is 153 a factor of 13617?
True
Is 162 a factor of 121176?
True
Is 26 a factor of 2158?
True
Does 20 divide 520?
True
Does 49 divide 9290?
False
Is 99 a factor of 2779?
False
Does 41 divide 4956?
False
Is 25 a factor of 442?
False
Is 33 a factor of 35018?
False
Is 170 a factor of 25854?
False
Does 83 divide 23987?
True
Is 163 a factor of 21161?
False
Does 28 divide 31444?
True
Does 51 divide 15351?
True
Is 440 a multiple of 5?
True
Is 223 a factor of 58043?
False
Is 5 a factor of 234?
False
Is 1349 a multiple of 8?
False
Is 57374 a multiple of 42?
False
Is 82 a factor of 2480?
False
Does 77 divide 54589?
False
Is 4 a factor of 265?
False
Is 93 a factor of 1889?
False
Is 10 a factor of 142433?
False
Is 55177 a multiple of 23?
True
Does 252 divide 116386?
False
Is 4680 a multiple of 9?
True
Is 15956 a multiple of 9?
False
Is 3 a factor of 27?
True
Is 9 a factor of 5603?
False
Is 4 a factor of 1955?
False
Is 72 a factor of 8136?
True
Does 39 divide 11415?
False
Is 176 a multiple of 22?
True
Is 6632 a multiple of 35?
False
Is 29729 a multiple of 39?
False
Does 12 divide 57504?
True
Does 21 divide 68808?
False
Is 12 a factor of 743?
False
Does 16 divide 8224?
True
Does 16 divide 527?
False
Does 20 divide 360?
True
Does 11 divide 3586?
True
Is 15 a factor of 348?
False
Does 130 divide 114920?
True
Is 13 a factor of 1196?
True
Is 90732 a multiple of 16?
False
Is 6780 a multiple of 113?
True
Is 5 a factor of 250?
True
Does 42 divide 126?
True
Is 44 a factor of 9546?
False
Is 28 a factor of 3819?
False
Is 13 a factor of 298?
False
Is 12173 a multiple of 47?
True
Is 16611 a multiple of 21?
True
Is 26 a factor of 13416?
True
Does 24 divide 1442?
False
Does 17 divide 9248?
True
Is 53 a factor of 1676?
False
Does 12 divide 3980?
False
Does 40 divide 1507?
False
Is 68105 a multiple of 257?
True
Is 20 a factor of 53420?
True
Is 28981 a multiple of 35?
False
Is 3780 a multiple of 108?
True
Does 28 divide 642?
False
Is 12 a factor of 8478?
False
Is 8928 a multiple of 2?
True
Is 19 a multiple of 16?
False
Is 12 a factor of 744?
True
Does 3 divide 4?
False
Does 12 divide 636?
True
Is 26505 a multiple of 155?
True
Does 13 divide 237?
False
Is 11 a factor of 9328?
True
Does 8 divide 2984?
True
Is 2640 a multiple of 12?
True
Does 18 divide 452?
False
Is 284 even?
True
Is 12141 a multiple of 57?
True
Is 23 a factor of 2438?
True
Is 7 a factor of 1288?
True
Is 34493 a multiple of 193?
False
Is 2668 a multiple of 23?
True
Is 19 a factor of 384?
False
Is 760 a multiple of 20?
True
Is 1644 a multiple of 3?
True
Does 10 divide 4151?
False
Is 83 a factor of 37272?
False
Does 6 divide 477?
False
Is 102 a factor of 6426?
True
Is 2246 a multiple of 18?
False
Is 10 a factor of 13066?
False
Is 1263 a multiple of 44?
False
Does 22 divide 67944?
False
Does 11 divide 104?
False
Is 14 a factor of 82?
False
Is 17 a factor of 1020?
True
Is 40467 a multiple of 47?
True
Is 891 a multiple of 2?
False
Does 74 divide 1998?
True
Does 47 divide 38728?
True
Is 8528 a multiple of 8?
True
Does 14 divide 39?
False
Is 3 a factor of 18?
True
Does 146 divide 12526?
False
Does 12 divide 16?
False
Is 1470 a multiple of 98?
True
Is 10677 a multiple of 8?
False
Does 9 divide 5724?
True
Does 28 divide 7346?
False
Is 3 a factor of 481?
False
Does 94 divide 2664?
False
Is 1529 a multiple of 11?
True
Is 19770 a multiple of 18?
False
Does 35 divide 2696?
False
Is 1255 a multiple of 26?
False
Is 63 a factor of 3150?
True
Does 119 divide 5526?
False
Is 16 a factor of 342?
False
Does 25 divide 312?
False
Is 8208 a multiple of 144?
True
Does 46 divide 106032?
False
Does 17 divide 542?
False
Is 59 a factor of 354?
True
Is 90052 a multiple of 94?
True
Is 31 a multiple of 12?
False
Is 97 a factor of 679?
True
Is 410 a factor of 7790?
True
Does 118 divide 23364?
True
Is 109 a factor of 4555?
False
Is 160 a multiple of 16?
True
Is 27825 a multiple of 15?
True
Is 3266 a multiple of 46?
True
Is 3056 a multiple of 15?
False
Is 158 a factor of 3601?
False
Is 11 a factor of 1804?
True
Does 39 divide 796?
False
Is 13547 a multiple of 40?
False
Is 41523 a multiple of 12?
False
Is 69 a factor of 3174?
True
Does 4 divide 145?
False
Is 13 a factor of 8855?
False
Is 20371 a multiple of 100?
False
Does 92 divide 6304?
False
Is 11149 a multiple of 24?
False
Does 145 divide 13889?
False
Does 51 divide 5661?
True
Is 12 a factor of 492?
True
Does 72 divide 47334?
False
Is 3034 a multiple of 41?
True
Does 14 divide 14490?
True
Does 46 divide 11362?
True
Is 2800 a multiple of 7?
True
Is 63 a factor of 2583?
True
Does 52 divide 156?
True
Is 9 a factor of 21618?
True
Is 18944 a multiple of 32?
True
Is 13 a multiple of 13?
True
Does 17 divide 4603?
False
Does 81 divide 4387?
False
Is 44048 a multiple of 14?
False
Is 14 a factor of 27020?
True
Is 17790 a multiple of 15?
True
Does 8 divide 888?
True
Does 108 divide 11124?
True
Is 5 a factor of 325?
True
Is 27320 a multiple of 131?
False
Does 14 divide 2780?
False
Is 17 a factor of 7668?
False
Does 107 divide 48685?
True
Is 8 a factor of 422?
False
Is 560 a multiple of 9?
False
Is 10094 a multiple of 103?